List the prime factors of p.
2
Suppose 2*m = -2*m + 224. Suppose 4*z = -0*z + m. What are the prime factors of z?
2, 7
Let u(x) = -2*x**3 - 9*x**2 - 3*x + 10. What are the prime factors of u(-6)?
2, 17
Suppose -100 = -4*h - 28. Suppose 2*a - h = -4*b, -a = a - 2. List the prime factors of b.
2
Let x = 59 + 97. What are the prime factors of x?
2, 3, 13
Let b(g) = g**2. List the prime factors of b(-4).
2
Let b(x) = -x**3 - 2*x**2 - x + 1. List the prime factors of b(-2).
3
Suppose 4*d - 94 = 70. List the prime factors of d.
41
Let q = 26 - 12. List the prime factors of q.
2, 7
Let y = -9 + 11. Suppose 18 = 2*u - y*l, 5*l = -2*u + 3*l + 34. List the prime factors of u.
13
Let q(p) = -p**3 + 5*p**2 - 3*p - 4. Let w be q(5). Suppose 3*x - n - 108 = 2*n, 5*n = 4*x - 149. Let c = w + x. List the prime factors of c.
2, 3
List the prime factors of 46 - -1 - 6 - -1*1.
2, 3, 7
Let f(a) = -a**2 + 5*a - 3. Let w be f(3). Let c = w - 3. Suppose -45 = -5*d - c*d. What are the prime factors of d?
3
Let l = -2 + 5. Suppose -3*n - 3*b + 8 = -2*n, 0 = 3*n - l*b. Suppose n*s = -s + 15. What are the prime factors of s?
5
Let i(f) = 5*f + 2. Let c(g) = 4*g + 1. Let t(x) = -4*c(x) + 3*i(x). What are the prime factors of t(-8)?
2, 5
Let s(v) = -v**3 + 5*v**2 - 4*v + 6. Let l be (2 + 3)*8/5. Suppose 2*i - l = -0. What are the prime factors of s(i)?
2, 3
Suppose -w + 28 = -2*k - 23, -2*w = 3*k - 81. What are the prime factors of w?
3, 5
Let c = -27 - -32. What are the prime factors of c?
5
Let a(m) = -m**3 + 5*m**3 - 3*m**3 + 8 - 6*m**2 - 5*m**2. List the prime factors of a(11).
2
Let r be (-1 - 0)*(3 - 64). Suppose -3*a = -r - 26. What are the prime factors of a?
29
Let c(k) = k**3 - 2*k**2 - 4*k + 1. Let q be c(3). Let w = 0 - q. What are the prime factors of (w/5)/(4/180)?
2, 3
Suppose 4*l - 164 = -0*l. Suppose -5*q + l = 2*x, 3*x + 9*q - 4*q - 49 = 0. List the prime factors of (-2)/x - 123/(-12).
2, 5
Let v = 561 - 224. List the prime factors of v.
337
Suppose 0 = 5*y + 5*v, 6*y = 3*y - 5*v - 6. Suppose -y*l + 51 = 5*k, 3*k - k - 36 = 4*l. What are the prime factors of k?
2, 3
What are the prime factors of 51*(28/6 + -3)?
5, 17
Let g be 38/(-8)*(-2 + -10). Let t be g/(-4) + 15/(-20). Let o = t - -24. What are the prime factors of o?
3
Suppose -1431 = -5*d + b, 7*d - 4*b = 3*d + 1132. List the prime factors of d.
7, 41
Let p(g) = -14*g - 40. What are the prime factors of p(-9)?
2, 43
Let r = -8 + 3. Let t(p) = p**3 + p**2 - p + 1. Let j(n) = 3*n**3 + 4*n**2 - 3*n + 4. Let z(s) = -3*j(s) + 8*t(s). List the prime factors of z(r).
2
Let f be (1/(-3)*0)/(-2). Suppose f = k - 0*k - 11. List the prime factors of k.
11
Let m be 20/11 + 6/33. Let q(z) = m*z**2 - 1 - 9*z - 3 + 11*z. What are the prime factors of q(-3)?
2
Let x(l) = l**2 + 6*l - 1. Let d be x(-5). Let u(q) = 7*q**2 + 4*q + 14 + q**3 - 14 + 0*q. List the prime factors of u(d).
2, 3
Let r(k) = 2*k**3 + 4*k**2 - 5*k + 7. What are the prime factors of r(3)?
2, 41
Let f(k) = k**2 - 9*k + 2. Let r be f(9). Let t = 2 + 5. Suppose -c - r*q = 2*c - 38, c = 5*q + t. What are the prime factors of c?
2, 3
Let w(f) = -3*f - 3. Let d be w(-2). Suppose d*n - 6*n = -12. What are the prime factors of n?
2
Suppose -2*a + a + 21 = 0. Let r = 12 - a. Let y = r - -14. What are the prime factors of y?
5
Suppose m + m - 136 = 0. Let j = m + 6. Suppose 5*s = 0, -2*s + 24 = -5*y + j. What are the prime factors of y?
2, 5
Let f = 10 - -10. What are the prime factors of f?
2, 5
Let h = -3 + 8. Let a = h - -11. What are the prime factors of a?
2
Suppose -2*x = x. Suppose i - 8 = -x*i. List the prime factors of (-1)/((-3)/6) + i.
2, 5
Suppose x + 4*x = -5. What are the prime factors of 2/(x + 3 + -1)?
2
Let s(m) = m**2 + 4*m + 12. Let c be s(-9). Let d be ((-6)/9)/((-2)/c). Suppose 5*q - 4*b = 40, 3*q + b - d - 5 = 0. What are the prime factors of q?
2
Suppose 3*x - 12 = -72. Let v be 3/9 - x/3. Let b(w) = 2*w - 10. What are the prime factors of b(v)?
2
Let x be 65/7 - 14/49. Let c = -13 + x. Let b(g) = -5*g - 2. List the prime factors of b(c).
2, 3
Let u(x) be the second derivative of x**4/12 - x**3/2 + 3*x**2/2 + x. What are the prime factors of u(3)?
3
Let p = 308 - 109. What are the prime factors of p?
199
Let v = 25 - 0. What are the prime factors of v?
5
Suppose 0 = 2*h + h. Suppose h*d = 5*d - 20. Suppose -d*n + 3*n = -12. List the prime factors of n.
2, 3
Let u = -62 - -94. Suppose 3*w - u = 2*w. What are the prime factors of w?
2
Let j be ((-1)/(-1) + 15)/2. Suppose -4*i - 4*l + 68 = 0, 3*i - 2*l - 48 = j. What are the prime factors of i?
2, 3
What are the prime factors of (-390)/(-104)*3/(18/16)?
2, 5
Let v(b) = -20*b - 1. Let t be v(-1). Let d = t - 0. What are the prime factors of d?
19
Let n(m) = -m**2 + 8*m + 8. Suppose -2*d - 9 = -25. What are the prime factors of n(d)?
2
What are the prime factors of 1470/24 + (-3)/12?
61
List the prime factors of ((-4)/(-14) - (-24)/14) + 84.
2, 43
Let x(v) = 10*v**2 + v. Let w be x(-1). Suppose -1 - w = -p. List the prime factors of p.
2, 5
Suppose -6*z + 5*u - 115 = -2*z, 170 = -5*z + u. Let v = -19 - z. List the prime factors of v.
2
Suppose 0 = 2*d - 6. Let g be (-3)/((-1)/5*d). Suppose 0 = -0*y - g*y + 2*o + 100, -y - 4*o - 2 = 0. List the prime factors of y.
2, 3
Suppose o - 5 = 0, -2*c - 8 - 12 = -4*o. List the prime factors of (16 - 1) + (c - 1).
2, 7
Let r(t) be the first derivative of t**4/4 - 4*t**3/3 - 3*t**2 - 1. Let y be r(6). Suppose 0 = -m + 4*q + y - 6, 3*q = 3*m - 45. List the prime factors of m.
2, 5
Let b(o) = -o**3 - 3*o**2 + 4*o + 4. Let i be b(-3). Let s(v) = -v**3 - 8*v**2 - 2*v + 2. List the prime factors of s(i).
2, 3
What are the prime factors of 3 + (-1 + 1)/3?
3
Suppose -3*q - 83 = 82. List the prime factors of 4/8 - q/2.
2, 7
Let v(w) = -w**2 + 7*w + 10. Let n be v(8). Suppose 0 = -n*s + 10, 3 = 3*c + 2*s - 5*s. What are the prime factors of c?
2, 3
Let g be (4/(-10))/((-2)/20). Suppose -o = -g*o - 15. Let l = 8 + o. What are the prime factors of l?
3
Let a(p) = p**3 + 4*p - p - 1 + 0 - 2*p**2. Let m be a(2). Suppose m*s - 25 = 20. List the prime factors of s.
3
Let q = -114 - -462. What are the prime factors of q?
2, 3, 29
Suppose 0*u = u - 5. Suppose 40 = -0*l + u*l. List the prime factors of l.
2
Suppose -2*i + 14 = 2*d - 50, -4*i + 162 = 5*d. List the prime factors of d.
2, 17
Let f(i) = i + 7. Let v be f(-3). Suppose v*h - 3*h - 15 = 0. What are the prime factors of h?
3, 5
Suppose -n + 208 = 3*n. Suppose 5*t - 3*t - n = 0. Let i = t + -14. List the prime factors of i.
2, 3
Let b(y) be the third derivative of -y**4/24 + 3*y**2. Let v(u) = u**2 + 9*u + 6. Let c(f) = b(f) + v(f). What are the prime factors of c(-8)?
2, 3
Suppose 0 = f - 5 + 2. Let n(y) = 3*y**3 + 11*y**2 + 3*y - 7. Let s(r) = r**3 + 5*r**2 + r - 3. Let p(x) = 2*n(x) - 5*s(x). What are the prime factors of p(f)?
2
What are the prime factors of 6/(-4)*1476/(-54)?
41
Let t = 9 + -6. Let y(z) = 2*z**3 - z. Let w be y(2). Let d = w - t. What are the prime factors of d?
11
Let g = 752 + -525. What are the prime factors of g?
227
Let f be 2*2/(-10)*-5. Let r be 2/f + -1 + 2. Suppose 4*l - 2*p = 8, 0 = -r*l - 2*l - 3*p + 8. What are the prime factors of l?
2
Let s be (186/10)/((-4)/(-20)). Suppose -2*c + s = c + 2*k, -4*c + 4*k = -124. List the prime factors of c.
31
Let l = -15 + 11. Let n(j) = -3*j - 5. What are the prime factors of n(l)?
7
Suppose -3*b = 6, 2*s + 7*b - 5*b = 0. Suppose 0*j + s*j - 36 = 0. What are the prime factors of j?
2, 3
Suppose -11 = -h + 2*t, 2 = 2*h + t - 0*t. Suppose -h*l = 1 - 10. What are the prime factors of l?
3
Let i be ((-4)/10)/(1/(-5)). Suppose k + i = 16. List the prime factors of k.
2, 7
Let f(n) = n**3 - 6*n**2 + 4*n + 3. Let m be f(5). Let c(r) = -4*r. List the prime factors of c(m).
2
Let t be 288/10 + 1/5. Let p = t + -20. Suppose 0 = -i - 0*i + p. List the prime factors of i.
3
Let i(f) = -f**3 + f + 13. Let m = -4 - -4. List the prime factors of i(m).
13
Let f = 56 + -8. Let i = -21 + f. What are the prime factors of i?
3
Suppose 0 = 5*b + c - 136, -21 = -b + 5*c + 27. What are the prime factors of b?
2, 7
Let k(z) = -6*z - 4. Let d be k(11). Let a = -26 - d. List the prime factors of a.
2, 11
Let k(t) = 2*t + 11. Let w be k(-6). List the prime fa